{"id":245,"date":"2024-10-29T11:36:18","date_gmt":"2024-10-29T10:36:18","guid":{"rendered":"https:\/\/anouchka-bijoux.com\/?page_id=245"},"modified":"2024-10-29T15:20:56","modified_gmt":"2024-10-29T14:20:56","slug":"mentions-legales","status":"publish","type":"page","link":"https:\/\/anouchka-bijoux.com\/index.php\/mentions-legales\/","title":{"rendered":"mentions l\u00e9gales et politique de confidentialit\u00e9"},"content":{"rendered":"\t\t<div data-elementor-type=\"wp-page\" data-elementor-id=\"245\" class=\"elementor elementor-245\" data-elementor-post-type=\"page\">\n\t\t\t\t<div class=\"elementor-element elementor-element-274f52e e-flex e-con-boxed e-con e-parent\" data-id=\"274f52e\" data-element_type=\"container\">\n\t\t\t\t\t<div class=\"e-con-inner\">\n\t\t\t\t<div class=\"elementor-element elementor-element-fd64945 de_scroll_animation_no elementor-widget elementor-widget-spacer\" data-id=\"fd64945\" data-element_type=\"widget\" data-widget_type=\"spacer.default\">\n\t\t\t\t<div class=\"elementor-widget-container\">\n\t\t\t<style>\/*! elementor - v3.22.0 - 17-06-2024 *\/\n.elementor-column .elementor-spacer-inner{height:var(--spacer-size)}.e-con{--container-widget-width:100%}.e-con-inner>.elementor-widget-spacer,.e-con>.elementor-widget-spacer{width:var(--container-widget-width,var(--spacer-size));--align-self:var(--container-widget-align-self,initial);--flex-shrink:0}.e-con-inner>.elementor-widget-spacer>.elementor-widget-container,.e-con>.elementor-widget-spacer>.elementor-widget-container{height:100%;width:100%}.e-con-inner>.elementor-widget-spacer>.elementor-widget-container>.elementor-spacer,.e-con>.elementor-widget-spacer>.elementor-widget-container>.elementor-spacer{height:100%}.e-con-inner>.elementor-widget-spacer>.elementor-widget-container>.elementor-spacer>.elementor-spacer-inner,.e-con>.elementor-widget-spacer>.elementor-widget-container>.elementor-spacer>.elementor-spacer-inner{height:var(--container-widget-height,var(--spacer-size))}.e-con-inner>.elementor-widget-spacer.elementor-widget-empty,.e-con>.elementor-widget-spacer.elementor-widget-empty{position:relative;min-height:22px;min-width:22px}.e-con-inner>.elementor-widget-spacer.elementor-widget-empty .elementor-widget-empty-icon,.e-con>.elementor-widget-spacer.elementor-widget-empty .elementor-widget-empty-icon{position:absolute;top:0;bottom:0;left:0;right:0;margin:auto;padding:0;width:22px;height:22px}<\/style>\t\t<div class=\"elementor-spacer\">\n\t\t\t<div class=\"elementor-spacer-inner\"><\/div>\n\t\t<\/div>\n\t\t\t\t<\/div>\n\t\t\t\t<\/div>\n\t\t\t\t<div class=\"elementor-element elementor-element-e6628cd de_scroll_animation_no elementor-widget elementor-widget-heading\" data-id=\"e6628cd\" data-element_type=\"widget\" data-widget_type=\"heading.default\">\n\t\t\t\t<div class=\"elementor-widget-container\">\n\t\t\t<style>\/*! elementor - v3.22.0 - 17-06-2024 *\/\n.elementor-heading-title{padding:0;margin:0;line-height:1}.elementor-widget-heading .elementor-heading-title[class*=elementor-size-]>a{color:inherit;font-size:inherit;line-height:inherit}.elementor-widget-heading .elementor-heading-title.elementor-size-small{font-size:15px}.elementor-widget-heading .elementor-heading-title.elementor-size-medium{font-size:19px}.elementor-widget-heading .elementor-heading-title.elementor-size-large{font-size:29px}.elementor-widget-heading .elementor-heading-title.elementor-size-xl{font-size:39px}.elementor-widget-heading .elementor-heading-title.elementor-size-xxl{font-size:59px}<\/style><h2 class=\"elementor-heading-title elementor-size-default\">mentions l\u00e9gales et politique de confidentialit\u00e9 <\/h2>\t\t<\/div>\n\t\t\t\t<\/div>\n\t\t\t\t<div class=\"elementor-element elementor-element-d46c1df de_scroll_animation_no elementor-widget elementor-widget-text-editor\" data-id=\"d46c1df\" data-element_type=\"widget\" data-widget_type=\"text-editor.default\">\n\t\t\t\t<div class=\"elementor-widget-container\">\n\t\t\t<style>\/*! elementor - v3.22.0 - 17-06-2024 *\/\n.elementor-widget-text-editor.elementor-drop-cap-view-stacked .elementor-drop-cap{background-color:#69727d;color:#fff}.elementor-widget-text-editor.elementor-drop-cap-view-framed .elementor-drop-cap{color:#69727d;border:3px solid;background-color:transparent}.elementor-widget-text-editor:not(.elementor-drop-cap-view-default) .elementor-drop-cap{margin-top:8px}.elementor-widget-text-editor:not(.elementor-drop-cap-view-default) .elementor-drop-cap-letter{width:1em;height:1em}.elementor-widget-text-editor .elementor-drop-cap{float:left;text-align:center;line-height:1;font-size:50px}.elementor-widget-text-editor .elementor-drop-cap-letter{display:inline-block}<\/style>\t\t\t\t<p><b>MENTIONS L\u00c9GALES<\/b><\/p><p>\u00a0<\/p><p><span style=\"font-weight: 400;\">Conform\u00e9ment aux dispositions de la loi n\u00b0 2004-575 du 21 juin 2004 pour la confiance en l&#8217;\u00e9conomie num\u00e9rique, il est pr\u00e9cis\u00e9 aux utilisateurs du site Anouchka bijoux l&#8217;identit\u00e9 des diff\u00e9rents intervenants dans le cadre de sa r\u00e9alisation et de son suivi.<\/span><\/p><p>\u00a0<\/p><p><b>Edition du site\u00a0<\/b><\/p><p>\u00a0<\/p><p><span style=\"font-weight: 400;\">Le pr\u00e9sent site, accessible \u00e0 l\u2019URL www.anouchka-bijoux.com (le \u00ab Site \u00bb), est \u00e9dit\u00e9 par :<\/span><\/p><p><i><span style=\"font-weight: 400;\"><br \/><\/span><\/i><span style=\"font-weight: 400;\">Anouchka , soci\u00e9t\u00e9 au capital de 200000 euros, inscrite au R.C.S. de COUTANCES sous le num\u00e9ro 530 136 019, dont le si\u00e8ge social est situ\u00e9 au 17 RUE PAUL POIRIER, 50400 GRANVILLE, repr\u00e9sent\u00e9(e) par Audrey Gehanne d\u00fbment habilit\u00e9(e)<\/span><\/p><p>\u00a0<\/p><p><span style=\"font-weight: 400;\">Le num\u00e9ro individuel TVA de l\u2019\u00e9diteur est : FR46530136019.<\/span><\/p><p>\u00a0<\/p><p><b>H\u00e9bergement<\/b><\/p><p><span style=\"font-weight: 400;\"><br \/><\/span><span style=\"font-weight: 400;\">Le Site est h\u00e9berg\u00e9 par la soci\u00e9t\u00e9 OVH SAS, situ\u00e9 2 rue Kellermann &#8211; BP 80157 &#8211; 59053 Roubaix Cedex 1, (contact t\u00e9l\u00e9phonique ou email : 1007).<\/span><\/p><p>\u00a0<\/p><p><b>Directeur de publication\u00a0<\/b><\/p><p><span style=\"font-weight: 400;\"><br \/><\/span><span style=\"font-weight: 400;\">Le Directeur de la publication du Site est Audrey Gehanne .<\/span><\/p><p>\u00a0<\/p><p><b>Nous contacter\u00a0<\/b><\/p><p><span style=\"font-weight: 400;\"><br \/><\/span><span style=\"font-weight: 400;\">Par t\u00e9l\u00e9phone\u00a0: +33650923507<\/span><\/p><p><span style=\"font-weight: 400;\">Par email\u00a0: victoremanuelbeisson@hotmail.fr<\/span><\/p><p><span style=\"font-weight: 400;\">Par courrier\u00a0: 17 RUE PAUL POIRIER, 50400 GRANVILLE<\/span><\/p><p>\u00a0<\/p><p><b>Donn\u00e9es personnelles<\/b><\/p><p>\u00a0<\/p><p><span style=\"font-weight: 400;\">Le traitement de vos donn\u00e9es \u00e0 caract\u00e8re personnel est r\u00e9gi par notre Charte du respect de la vie priv\u00e9e, disponible depuis la section &#8220;Charte de Protection des Donn\u00e9es Personnelles&#8221;, conform\u00e9ment au R\u00e8glement G\u00e9n\u00e9ral sur la Protection des Donn\u00e9es 2016\/679 du 27 avril 2016 (\u00abRGPD\u00bb).<\/span><\/p>\t\t\t\t\t\t<\/div>\n\t\t\t\t<\/div>\n\t\t\t\t\t<\/div>\n\t\t\t\t<\/div>\n\t\t\t\t<\/div>\n\t\t","protected":false},"excerpt":{"rendered":"<p>mentions l\u00e9gales et politique de confidentialit\u00e9 MENTIONS L\u00c9GALES \u00a0 Conform\u00e9ment aux dispositions de la loi n\u00b0 2004-575 du 21 juin 2004 pour la confiance en l&#8217;\u00e9conomie num\u00e9rique, il est pr\u00e9cis\u00e9 aux utilisateurs du site Anouchka bijoux l&#8217;identit\u00e9 des diff\u00e9rents intervenants dans le cadre de sa r\u00e9alisation et de son suivi. \u00a0 Edition du site\u00a0 \u00a0 [&hellip;]<\/p>\n","protected":false},"author":1,"featured_media":0,"parent":0,"menu_order":0,"comment_status":"closed","ping_status":"closed","template":"elementor_header_footer","meta":{"footnotes":""},"class_list":["post-245","page","type-page","status-publish","hentry"],"yoast_head":"<!-- This site is optimized with the Yoast SEO plugin v23.0 - https:\/\/yoast.com\/wordpress\/plugins\/seo\/ -->\n<title>mentions l\u00e9gales et politique de confidentialit\u00e9 - Anouchka<\/title>\n<meta name=\"robots\" content=\"index, follow, max-snippet:-1, max-image-preview:large, max-video-preview:-1\" \/>\n<link rel=\"canonical\" href=\"https:\/\/anouchka-bijoux.com\/index.php\/mentions-legales\/\" \/>\n<meta property=\"og:locale\" content=\"en_US\" \/>\n<meta property=\"og:type\" content=\"article\" \/>\n<meta property=\"og:title\" content=\"mentions l\u00e9gales et politique de confidentialit\u00e9 - Anouchka\" \/>\n<meta property=\"og:description\" content=\"mentions l\u00e9gales et politique de confidentialit\u00e9 MENTIONS L\u00c9GALES \u00a0 Conform\u00e9ment aux dispositions de la loi n\u00b0 2004-575 du 21 juin 2004 pour la confiance en l&#8217;\u00e9conomie num\u00e9rique, il est pr\u00e9cis\u00e9 aux utilisateurs du site Anouchka bijoux l&#8217;identit\u00e9 des diff\u00e9rents intervenants dans le cadre de sa r\u00e9alisation et de son suivi. \u00a0 Edition du site\u00a0 \u00a0 [&hellip;]\" \/>\n<meta property=\"og:url\" content=\"https:\/\/anouchka-bijoux.com\/index.php\/mentions-legales\/\" \/>\n<meta property=\"og:site_name\" content=\"Anouchka\" \/>\n<meta property=\"article:publisher\" content=\"https:\/\/www.facebook.com\/anouchkabijoux\" \/>\n<meta property=\"article:modified_time\" content=\"2024-10-29T14:20:56+00:00\" \/>\n<meta property=\"og:image\" content=\"https:\/\/anouchka-bijoux.com\/wp-content\/uploads\/2024\/07\/Capture-decran-2024-07-22-a-15.28.23-scaled.jpg\" \/>\n\t<meta property=\"og:image:width\" content=\"2560\" \/>\n\t<meta property=\"og:image:height\" content=\"1378\" \/>\n\t<meta property=\"og:image:type\" content=\"image\/jpeg\" \/>\n<meta name=\"twitter:card\" content=\"summary_large_image\" \/>\n<meta name=\"twitter:label1\" content=\"Est. reading time\" \/>\n\t<meta name=\"twitter:data1\" content=\"2 minutes\" \/>\n<script type=\"application\/ld+json\" class=\"yoast-schema-graph\">{\"@context\":\"https:\/\/schema.org\",\"@graph\":[{\"@type\":\"WebPage\",\"@id\":\"https:\/\/anouchka-bijoux.com\/index.php\/mentions-legales\/\",\"url\":\"https:\/\/anouchka-bijoux.com\/index.php\/mentions-legales\/\",\"name\":\"mentions l\u00e9gales et politique de confidentialit\u00e9 - Anouchka\",\"isPartOf\":{\"@id\":\"https:\/\/anouchka-bijoux.com\/#website\"},\"datePublished\":\"2024-10-29T10:36:18+00:00\",\"dateModified\":\"2024-10-29T14:20:56+00:00\",\"breadcrumb\":{\"@id\":\"https:\/\/anouchka-bijoux.com\/index.php\/mentions-legales\/#breadcrumb\"},\"inLanguage\":\"en-US\",\"potentialAction\":[{\"@type\":\"ReadAction\",\"target\":[\"https:\/\/anouchka-bijoux.com\/index.php\/mentions-legales\/\"]}]},{\"@type\":\"BreadcrumbList\",\"@id\":\"https:\/\/anouchka-bijoux.com\/index.php\/mentions-legales\/#breadcrumb\",\"itemListElement\":[{\"@type\":\"ListItem\",\"position\":1,\"name\":\"Accueil\",\"item\":\"https:\/\/anouchka-bijoux.com\/\"},{\"@type\":\"ListItem\",\"position\":2,\"name\":\"mentions l\u00e9gales et politique de confidentialit\u00e9\"}]},{\"@type\":\"WebSite\",\"@id\":\"https:\/\/anouchka-bijoux.com\/#website\",\"url\":\"https:\/\/anouchka-bijoux.com\/\",\"name\":\"Anouchka bijoux\",\"description\":\"L&#039;esprit bijoux\",\"publisher\":{\"@id\":\"https:\/\/anouchka-bijoux.com\/#organization\"},\"potentialAction\":[{\"@type\":\"SearchAction\",\"target\":{\"@type\":\"EntryPoint\",\"urlTemplate\":\"https:\/\/anouchka-bijoux.com\/?s={search_term_string}\"},\"query-input\":\"required name=search_term_string\"}],\"inLanguage\":\"en-US\"},{\"@type\":\"Organization\",\"@id\":\"https:\/\/anouchka-bijoux.com\/#organization\",\"name\":\"Anouchka\",\"url\":\"https:\/\/anouchka-bijoux.com\/\",\"logo\":{\"@type\":\"ImageObject\",\"inLanguage\":\"en-US\",\"@id\":\"https:\/\/anouchka-bijoux.com\/#\/schema\/logo\/image\/\",\"url\":\"http:\/\/anouchka-bijoux.com\/wp-content\/uploads\/2024\/07\/Sans-titre-120-x-50-px-400-x-180-px.png\",\"contentUrl\":\"http:\/\/anouchka-bijoux.com\/wp-content\/uploads\/2024\/07\/Sans-titre-120-x-50-px-400-x-180-px.png\",\"width\":950,\"height\":428,\"caption\":\"Anouchka\"},\"image\":{\"@id\":\"https:\/\/anouchka-bijoux.com\/#\/schema\/logo\/image\/\"},\"sameAs\":[\"https:\/\/www.facebook.com\/anouchkabijoux\",\"https:\/\/www.instagram.com\/anouchka.bijoux\/\"]}]}<\/script>\n<!-- \/ Yoast SEO plugin. -->","yoast_head_json":{"title":"mentions l\u00e9gales et politique de confidentialit\u00e9 - Anouchka","robots":{"index":"index","follow":"follow","max-snippet":"max-snippet:-1","max-image-preview":"max-image-preview:large","max-video-preview":"max-video-preview:-1"},"canonical":"https:\/\/anouchka-bijoux.com\/index.php\/mentions-legales\/","og_locale":"en_US","og_type":"article","og_title":"mentions l\u00e9gales et politique de confidentialit\u00e9 - Anouchka","og_description":"mentions l\u00e9gales et politique de confidentialit\u00e9 MENTIONS L\u00c9GALES \u00a0 Conform\u00e9ment aux dispositions de la loi n\u00b0 2004-575 du 21 juin 2004 pour la confiance en l&#8217;\u00e9conomie num\u00e9rique, il est pr\u00e9cis\u00e9 aux utilisateurs du site Anouchka bijoux l&#8217;identit\u00e9 des diff\u00e9rents intervenants dans le cadre de sa r\u00e9alisation et de son suivi. \u00a0 Edition du site\u00a0 \u00a0 [&hellip;]","og_url":"https:\/\/anouchka-bijoux.com\/index.php\/mentions-legales\/","og_site_name":"Anouchka","article_publisher":"https:\/\/www.facebook.com\/anouchkabijoux","article_modified_time":"2024-10-29T14:20:56+00:00","og_image":[{"width":2560,"height":1378,"url":"https:\/\/anouchka-bijoux.com\/wp-content\/uploads\/2024\/07\/Capture-decran-2024-07-22-a-15.28.23-scaled.jpg","type":"image\/jpeg"}],"twitter_card":"summary_large_image","twitter_misc":{"Est. reading time":"2 minutes"},"schema":{"@context":"https:\/\/schema.org","@graph":[{"@type":"WebPage","@id":"https:\/\/anouchka-bijoux.com\/index.php\/mentions-legales\/","url":"https:\/\/anouchka-bijoux.com\/index.php\/mentions-legales\/","name":"mentions l\u00e9gales et politique de confidentialit\u00e9 - Anouchka","isPartOf":{"@id":"https:\/\/anouchka-bijoux.com\/#website"},"datePublished":"2024-10-29T10:36:18+00:00","dateModified":"2024-10-29T14:20:56+00:00","breadcrumb":{"@id":"https:\/\/anouchka-bijoux.com\/index.php\/mentions-legales\/#breadcrumb"},"inLanguage":"en-US","potentialAction":[{"@type":"ReadAction","target":["https:\/\/anouchka-bijoux.com\/index.php\/mentions-legales\/"]}]},{"@type":"BreadcrumbList","@id":"https:\/\/anouchka-bijoux.com\/index.php\/mentions-legales\/#breadcrumb","itemListElement":[{"@type":"ListItem","position":1,"name":"Accueil","item":"https:\/\/anouchka-bijoux.com\/"},{"@type":"ListItem","position":2,"name":"mentions l\u00e9gales et politique de confidentialit\u00e9"}]},{"@type":"WebSite","@id":"https:\/\/anouchka-bijoux.com\/#website","url":"https:\/\/anouchka-bijoux.com\/","name":"Anouchka bijoux","description":"L&#039;esprit bijoux","publisher":{"@id":"https:\/\/anouchka-bijoux.com\/#organization"},"potentialAction":[{"@type":"SearchAction","target":{"@type":"EntryPoint","urlTemplate":"https:\/\/anouchka-bijoux.com\/?s={search_term_string}"},"query-input":"required name=search_term_string"}],"inLanguage":"en-US"},{"@type":"Organization","@id":"https:\/\/anouchka-bijoux.com\/#organization","name":"Anouchka","url":"https:\/\/anouchka-bijoux.com\/","logo":{"@type":"ImageObject","inLanguage":"en-US","@id":"https:\/\/anouchka-bijoux.com\/#\/schema\/logo\/image\/","url":"http:\/\/anouchka-bijoux.com\/wp-content\/uploads\/2024\/07\/Sans-titre-120-x-50-px-400-x-180-px.png","contentUrl":"http:\/\/anouchka-bijoux.com\/wp-content\/uploads\/2024\/07\/Sans-titre-120-x-50-px-400-x-180-px.png","width":950,"height":428,"caption":"Anouchka"},"image":{"@id":"https:\/\/anouchka-bijoux.com\/#\/schema\/logo\/image\/"},"sameAs":["https:\/\/www.facebook.com\/anouchkabijoux","https:\/\/www.instagram.com\/anouchka.bijoux\/"]}]}},"_links":{"self":[{"href":"https:\/\/anouchka-bijoux.com\/index.php\/wp-json\/wp\/v2\/pages\/245","targetHints":{"allow":["GET"]}}],"collection":[{"href":"https:\/\/anouchka-bijoux.com\/index.php\/wp-json\/wp\/v2\/pages"}],"about":[{"href":"https:\/\/anouchka-bijoux.com\/index.php\/wp-json\/wp\/v2\/types\/page"}],"author":[{"embeddable":true,"href":"https:\/\/anouchka-bijoux.com\/index.php\/wp-json\/wp\/v2\/users\/1"}],"replies":[{"embeddable":true,"href":"https:\/\/anouchka-bijoux.com\/index.php\/wp-json\/wp\/v2\/comments?post=245"}],"version-history":[{"count":7,"href":"https:\/\/anouchka-bijoux.com\/index.php\/wp-json\/wp\/v2\/pages\/245\/revisions"}],"predecessor-version":[{"id":864,"href":"https:\/\/anouchka-bijoux.com\/index.php\/wp-json\/wp\/v2\/pages\/245\/revisions\/864"}],"wp:attachment":[{"href":"https:\/\/anouchka-bijoux.com\/index.php\/wp-json\/wp\/v2\/media?parent=245"}],"curies":[{"name":"wp","href":"https:\/\/api.w.org\/{rel}","templated":true}]}}