{"id":488,"date":"2024-07-10T17:16:35","date_gmt":"2024-07-10T15:16:35","guid":{"rendered":"https:\/\/anouchka-bijoux.com\/?page_id=488"},"modified":"2024-10-29T16:07:06","modified_gmt":"2024-10-29T15:07:06","slug":"a-propos","status":"publish","type":"page","link":"https:\/\/anouchka-bijoux.com\/index.php\/a-propos\/","title":{"rendered":"\u00c0 propos"},"content":{"rendered":"\t\t<div data-elementor-type=\"wp-page\" data-elementor-id=\"488\" class=\"elementor elementor-488\" data-elementor-post-type=\"page\">\n\t\t\t\t\t\t<section class=\"elementor-section elementor-top-section elementor-element elementor-element-5bf90d48 elementor-section-boxed elementor-section-height-default elementor-section-height-default\" data-id=\"5bf90d48\" data-element_type=\"section\">\n\t\t\t\t\t\t<div class=\"elementor-container elementor-column-gap-default\">\n\t\t\t\t\t<div class=\"elementor-column elementor-col-33 elementor-top-column elementor-element elementor-element-f2ed7f2\" data-id=\"f2ed7f2\" data-element_type=\"column\" data-settings=\"{&quot;background_background&quot;:&quot;classic&quot;}\">\n\t\t\t<div class=\"elementor-widget-wrap elementor-element-populated\">\n\t\t\t\t\t\t<div class=\"elementor-element elementor-element-694a4cda de_scroll_animation_no elementor-widget elementor-widget-spacer\" data-id=\"694a4cda\" data-element_type=\"widget\" data-widget_type=\"spacer.default\">\n\t\t\t\t<div class=\"elementor-widget-container\">\n\t\t\t<style>\/*! elementor - v3.22.0 - 17-06-2024 *\/\n.elementor-column .elementor-spacer-inner{height:var(--spacer-size)}.e-con{--container-widget-width:100%}.e-con-inner>.elementor-widget-spacer,.e-con>.elementor-widget-spacer{width:var(--container-widget-width,var(--spacer-size));--align-self:var(--container-widget-align-self,initial);--flex-shrink:0}.e-con-inner>.elementor-widget-spacer>.elementor-widget-container,.e-con>.elementor-widget-spacer>.elementor-widget-container{height:100%;width:100%}.e-con-inner>.elementor-widget-spacer>.elementor-widget-container>.elementor-spacer,.e-con>.elementor-widget-spacer>.elementor-widget-container>.elementor-spacer{height:100%}.e-con-inner>.elementor-widget-spacer>.elementor-widget-container>.elementor-spacer>.elementor-spacer-inner,.e-con>.elementor-widget-spacer>.elementor-widget-container>.elementor-spacer>.elementor-spacer-inner{height:var(--container-widget-height,var(--spacer-size))}.e-con-inner>.elementor-widget-spacer.elementor-widget-empty,.e-con>.elementor-widget-spacer.elementor-widget-empty{position:relative;min-height:22px;min-width:22px}.e-con-inner>.elementor-widget-spacer.elementor-widget-empty .elementor-widget-empty-icon,.e-con>.elementor-widget-spacer.elementor-widget-empty .elementor-widget-empty-icon{position:absolute;top:0;bottom:0;left:0;right:0;margin:auto;padding:0;width:22px;height:22px}<\/style>\t\t<div class=\"elementor-spacer\">\n\t\t\t<div class=\"elementor-spacer-inner\"><\/div>\n\t\t<\/div>\n\t\t\t\t<\/div>\n\t\t\t\t<\/div>\n\t\t\t\t<div class=\"elementor-element elementor-element-2e8ae15c elementor-absolute elementor-widget__width-auto elementor-widget-tablet__width-auto de_scroll_animation_no elementor-widget elementor-widget-image\" data-id=\"2e8ae15c\" data-element_type=\"widget\" data-settings=\"{&quot;_position&quot;:&quot;absolute&quot;}\" data-widget_type=\"image.default\">\n\t\t\t\t<div class=\"elementor-widget-container\">\n\t\t\t<style>\/*! elementor - v3.22.0 - 17-06-2024 *\/\n.elementor-widget-image{text-align:center}.elementor-widget-image a{display:inline-block}.elementor-widget-image a img[src$=\".svg\"]{width:48px}.elementor-widget-image img{vertical-align:middle;display:inline-block}<\/style>\t\t\t\t\t\t\t\t\t\t<img fetchpriority=\"high\" decoding=\"async\" width=\"580\" height=\"652\" src=\"https:\/\/anouchka-bijoux.com\/wp-content\/uploads\/2024\/06\/Abstract-element_40.png\" class=\"attachment-large size-large wp-image-170\" alt=\"\" srcset=\"https:\/\/anouchka-bijoux.com\/wp-content\/uploads\/2024\/06\/Abstract-element_40.png 600w, https:\/\/anouchka-bijoux.com\/wp-content\/uploads\/2024\/06\/Abstract-element_40-267x300.png 267w\" sizes=\"(max-width: 580px) 100vw, 580px\" \/>\t\t\t\t\t\t\t\t\t\t\t\t\t<\/div>\n\t\t\t\t<\/div>\n\t\t\t\t\t<\/div>\n\t\t<\/div>\n\t\t\t\t<div class=\"elementor-column elementor-col-66 elementor-top-column elementor-element elementor-element-6ccfd4b\" data-id=\"6ccfd4b\" data-element_type=\"column\">\n\t\t\t<div class=\"elementor-widget-wrap elementor-element-populated\">\n\t\t\t\t\t\t<div class=\"elementor-element elementor-element-5199a40d de_scroll_animation_no elementor-widget elementor-widget-image\" data-id=\"5199a40d\" data-element_type=\"widget\" data-widget_type=\"image.default\">\n\t\t\t\t<div class=\"elementor-widget-container\">\n\t\t\t\t\t\t\t\t\t\t\t\t\t<img decoding=\"async\" width=\"1620\" height=\"1620\" src=\"https:\/\/anouchka-bijoux.com\/wp-content\/uploads\/2024\/07\/Anouchka-recrute-1.png\" class=\"attachment-full size-full wp-image-656\" alt=\"\" srcset=\"https:\/\/anouchka-bijoux.com\/wp-content\/uploads\/2024\/07\/Anouchka-recrute-1.png 1620w, https:\/\/anouchka-bijoux.com\/wp-content\/uploads\/2024\/07\/Anouchka-recrute-1-300x300.png 300w, https:\/\/anouchka-bijoux.com\/wp-content\/uploads\/2024\/07\/Anouchka-recrute-1-1024x1024.png 1024w, https:\/\/anouchka-bijoux.com\/wp-content\/uploads\/2024\/07\/Anouchka-recrute-1-150x150.png 150w, https:\/\/anouchka-bijoux.com\/wp-content\/uploads\/2024\/07\/Anouchka-recrute-1-768x768.png 768w, https:\/\/anouchka-bijoux.com\/wp-content\/uploads\/2024\/07\/Anouchka-recrute-1-1536x1536.png 1536w, https:\/\/anouchka-bijoux.com\/wp-content\/uploads\/2024\/07\/Anouchka-recrute-1-1200x1200.png 1200w\" sizes=\"(max-width: 1620px) 100vw, 1620px\" \/>\t\t\t\t\t\t\t\t\t\t\t\t\t<\/div>\n\t\t\t\t<\/div>\n\t\t\t\t<div class=\"elementor-element elementor-element-4db9f2d6 de_scroll_animation_no elementor-widget elementor-widget-heading\" data-id=\"4db9f2d6\" data-element_type=\"widget\" data-widget_type=\"heading.default\">\n\t\t\t\t<div class=\"elementor-widget-container\">\n\t\t\t<style>\/*! elementor - v3.22.0 - 17-06-2024 *\/\n.elementor-heading-title{padding:0;margin:0;line-height:1}.elementor-widget-heading .elementor-heading-title[class*=elementor-size-]>a{color:inherit;font-size:inherit;line-height:inherit}.elementor-widget-heading .elementor-heading-title.elementor-size-small{font-size:15px}.elementor-widget-heading .elementor-heading-title.elementor-size-medium{font-size:19px}.elementor-widget-heading .elementor-heading-title.elementor-size-large{font-size:29px}.elementor-widget-heading .elementor-heading-title.elementor-size-xl{font-size:39px}.elementor-widget-heading .elementor-heading-title.elementor-size-xxl{font-size:59px}<\/style><h2 class=\"elementor-heading-title elementor-size-default\">Anouchka<\/h2>\t\t<\/div>\n\t\t\t\t<\/div>\n\t\t\t\t<div class=\"elementor-element elementor-element-1d49bef1 elementor-widget-divider--view-line_text elementor-widget-divider--element-align-center de_scroll_animation_no elementor-widget elementor-widget-divider\" data-id=\"1d49bef1\" data-element_type=\"widget\" data-widget_type=\"divider.default\">\n\t\t\t\t<div class=\"elementor-widget-container\">\n\t\t\t<style>\/*! elementor - v3.22.0 - 17-06-2024 *\/\n.elementor-widget-divider{--divider-border-style:none;--divider-border-width:1px;--divider-color:#0c0d0e;--divider-icon-size:20px;--divider-element-spacing:10px;--divider-pattern-height:24px;--divider-pattern-size:20px;--divider-pattern-url:none;--divider-pattern-repeat:repeat-x}.elementor-widget-divider .elementor-divider{display:flex}.elementor-widget-divider .elementor-divider__text{font-size:15px;line-height:1;max-width:95%}.elementor-widget-divider .elementor-divider__element{margin:0 var(--divider-element-spacing);flex-shrink:0}.elementor-widget-divider .elementor-icon{font-size:var(--divider-icon-size)}.elementor-widget-divider .elementor-divider-separator{display:flex;margin:0;direction:ltr}.elementor-widget-divider--view-line_icon .elementor-divider-separator,.elementor-widget-divider--view-line_text .elementor-divider-separator{align-items:center}.elementor-widget-divider--view-line_icon .elementor-divider-separator:after,.elementor-widget-divider--view-line_icon .elementor-divider-separator:before,.elementor-widget-divider--view-line_text .elementor-divider-separator:after,.elementor-widget-divider--view-line_text .elementor-divider-separator:before{display:block;content:\"\";border-block-end:0;flex-grow:1;border-block-start:var(--divider-border-width) var(--divider-border-style) var(--divider-color)}.elementor-widget-divider--element-align-left .elementor-divider .elementor-divider-separator>.elementor-divider__svg:first-of-type{flex-grow:0;flex-shrink:100}.elementor-widget-divider--element-align-left .elementor-divider-separator:before{content:none}.elementor-widget-divider--element-align-left .elementor-divider__element{margin-left:0}.elementor-widget-divider--element-align-right .elementor-divider .elementor-divider-separator>.elementor-divider__svg:last-of-type{flex-grow:0;flex-shrink:100}.elementor-widget-divider--element-align-right .elementor-divider-separator:after{content:none}.elementor-widget-divider--element-align-right .elementor-divider__element{margin-right:0}.elementor-widget-divider--element-align-start .elementor-divider .elementor-divider-separator>.elementor-divider__svg:first-of-type{flex-grow:0;flex-shrink:100}.elementor-widget-divider--element-align-start .elementor-divider-separator:before{content:none}.elementor-widget-divider--element-align-start .elementor-divider__element{margin-inline-start:0}.elementor-widget-divider--element-align-end .elementor-divider .elementor-divider-separator>.elementor-divider__svg:last-of-type{flex-grow:0;flex-shrink:100}.elementor-widget-divider--element-align-end .elementor-divider-separator:after{content:none}.elementor-widget-divider--element-align-end .elementor-divider__element{margin-inline-end:0}.elementor-widget-divider:not(.elementor-widget-divider--view-line_text):not(.elementor-widget-divider--view-line_icon) .elementor-divider-separator{border-block-start:var(--divider-border-width) var(--divider-border-style) var(--divider-color)}.elementor-widget-divider--separator-type-pattern{--divider-border-style:none}.elementor-widget-divider--separator-type-pattern.elementor-widget-divider--view-line .elementor-divider-separator,.elementor-widget-divider--separator-type-pattern:not(.elementor-widget-divider--view-line) .elementor-divider-separator:after,.elementor-widget-divider--separator-type-pattern:not(.elementor-widget-divider--view-line) .elementor-divider-separator:before,.elementor-widget-divider--separator-type-pattern:not([class*=elementor-widget-divider--view]) .elementor-divider-separator{width:100%;min-height:var(--divider-pattern-height);-webkit-mask-size:var(--divider-pattern-size) 100%;mask-size:var(--divider-pattern-size) 100%;-webkit-mask-repeat:var(--divider-pattern-repeat);mask-repeat:var(--divider-pattern-repeat);background-color:var(--divider-color);-webkit-mask-image:var(--divider-pattern-url);mask-image:var(--divider-pattern-url)}.elementor-widget-divider--no-spacing{--divider-pattern-size:auto}.elementor-widget-divider--bg-round{--divider-pattern-repeat:round}.rtl .elementor-widget-divider .elementor-divider__text{direction:rtl}.e-con-inner>.elementor-widget-divider,.e-con>.elementor-widget-divider{width:var(--container-widget-width,100%);--flex-grow:var(--container-widget-flex-grow)}<\/style>\t\t<div class=\"elementor-divider\">\n\t\t\t<span class=\"elementor-divider-separator\">\n\t\t\t\t\t\t\t<h3 class=\"elementor-divider__text elementor-divider__element\">\n\t\t\t\tL'esprit bijoux\t\t\t\t<\/h3>\n\t\t\t\t\t\t<\/span>\n\t\t<\/div>\n\t\t\t\t<\/div>\n\t\t\t\t<\/div>\n\t\t\t\t<section class=\"elementor-section elementor-inner-section elementor-element elementor-element-7b1dc8cf elementor-section-boxed elementor-section-height-default elementor-section-height-default\" data-id=\"7b1dc8cf\" data-element_type=\"section\">\n\t\t\t\t\t\t<div class=\"elementor-container elementor-column-gap-default\">\n\t\t\t\t\t<div class=\"elementor-column elementor-col-33 elementor-inner-column elementor-element elementor-element-40cdf84d\" data-id=\"40cdf84d\" data-element_type=\"column\">\n\t\t\t<div class=\"elementor-widget-wrap elementor-element-populated\">\n\t\t\t\t\t\t<div class=\"elementor-element elementor-element-2acb60ba de_scroll_animation_no elementor-widget elementor-widget-image\" data-id=\"2acb60ba\" data-element_type=\"widget\" data-widget_type=\"image.default\">\n\t\t\t\t<div class=\"elementor-widget-container\">\n\t\t\t\t\t\t\t\t\t\t\t\t\t<img decoding=\"async\" src=\"https:\/\/anouchka-bijoux.com\/wp-content\/uploads\/2024\/07\/Design-sans-titre-18.png\" title=\"Design sans titre (18)\" alt=\"Design sans titre (18)\" loading=\"lazy\" \/>\t\t\t\t\t\t\t\t\t\t\t\t\t<\/div>\n\t\t\t\t<\/div>\n\t\t\t\t\t<\/div>\n\t\t<\/div>\n\t\t\t\t<div class=\"elementor-column elementor-col-66 elementor-inner-column elementor-element elementor-element-4fea2aa2\" data-id=\"4fea2aa2\" data-element_type=\"column\">\n\t\t\t<div class=\"elementor-widget-wrap elementor-element-populated\">\n\t\t\t\t\t\t<div class=\"elementor-element elementor-element-9340826 de_scroll_animation_no elementor-widget elementor-widget-heading\" data-id=\"9340826\" data-element_type=\"widget\" data-widget_type=\"heading.default\">\n\t\t\t\t<div class=\"elementor-widget-container\">\n\t\t\t<h3 class=\"elementor-heading-title elementor-size-default\">Une entreprise familiale <\/h3>\t\t<\/div>\n\t\t\t\t<\/div>\n\t\t\t\t<div class=\"elementor-element elementor-element-4cbe8e74 de_scroll_animation_no elementor-widget elementor-widget-text-editor\" data-id=\"4cbe8e74\" data-element_type=\"widget\" data-widget_type=\"text-editor.default\">\n\t\t\t\t<div class=\"elementor-widget-container\">\n\t\t\t<style>\/*! elementor - v3.22.0 - 17-06-2024 *\/\n.elementor-widget-text-editor.elementor-drop-cap-view-stacked .elementor-drop-cap{background-color:#69727d;color:#fff}.elementor-widget-text-editor.elementor-drop-cap-view-framed .elementor-drop-cap{color:#69727d;border:3px solid;background-color:transparent}.elementor-widget-text-editor:not(.elementor-drop-cap-view-default) .elementor-drop-cap{margin-top:8px}.elementor-widget-text-editor:not(.elementor-drop-cap-view-default) .elementor-drop-cap-letter{width:1em;height:1em}.elementor-widget-text-editor .elementor-drop-cap{float:left;text-align:center;line-height:1;font-size:50px}.elementor-widget-text-editor .elementor-drop-cap-letter{display:inline-block}<\/style>\t\t\t\t<p>Depuis 2002, ANOUCHKA vous offre un accueil et des conseils de qualit\u00e9. Nous sommes toujours disponibles pour r\u00e9pondre \u00e0 vos besoins et vous guider dans vos achats. Faites confiance \u00e0 notre expertise et \u00e0 notre engagement pour une satisfaction optimale.<\/p>\t\t\t\t\t\t<\/div>\n\t\t\t\t<\/div>\n\t\t\t\t\t<\/div>\n\t\t<\/div>\n\t\t\t\t\t<\/div>\n\t\t<\/section>\n\t\t\t\t<section class=\"elementor-section elementor-inner-section elementor-element elementor-element-209dca1c elementor-reverse-mobile elementor-section-boxed elementor-section-height-default elementor-section-height-default\" data-id=\"209dca1c\" data-element_type=\"section\">\n\t\t\t\t\t\t<div class=\"elementor-container elementor-column-gap-default\">\n\t\t\t\t\t<div class=\"elementor-column elementor-col-66 elementor-inner-column elementor-element elementor-element-4ee9dbf7\" data-id=\"4ee9dbf7\" data-element_type=\"column\">\n\t\t\t<div class=\"elementor-widget-wrap elementor-element-populated\">\n\t\t\t\t\t\t<div class=\"elementor-element elementor-element-11cc4729 de_scroll_animation_no elementor-widget elementor-widget-heading\" data-id=\"11cc4729\" data-element_type=\"widget\" data-widget_type=\"heading.default\">\n\t\t\t\t<div class=\"elementor-widget-container\">\n\t\t\t<h3 class=\"elementor-heading-title elementor-size-default\">Une \u00e9quipe \u00e0 votre service<\/h3>\t\t<\/div>\n\t\t\t\t<\/div>\n\t\t\t\t<div class=\"elementor-element elementor-element-48c0b52e de_scroll_animation_no elementor-widget elementor-widget-text-editor\" data-id=\"48c0b52e\" data-element_type=\"widget\" data-widget_type=\"text-editor.default\">\n\t\t\t\t<div class=\"elementor-widget-container\">\n\t\t\t\t\t\t\t<p>Nos vendeurs sont l\u00e0 pour vous offrir des conseils personnalis\u00e9s. Notre large gamme de produits vous offre un choix vari\u00e9 parmi lequel vous trouverez la jolie pi\u00e8ce qu&#8217;il vous manquait ou que vous souhaitez offrir.<\/p>\t\t\t\t\t\t<\/div>\n\t\t\t\t<\/div>\n\t\t\t\t\t<\/div>\n\t\t<\/div>\n\t\t\t\t<div class=\"elementor-column elementor-col-33 elementor-inner-column elementor-element elementor-element-68e02b2c\" data-id=\"68e02b2c\" data-element_type=\"column\">\n\t\t\t<div class=\"elementor-widget-wrap elementor-element-populated\">\n\t\t\t\t\t\t<div class=\"elementor-element elementor-element-471bafde de_scroll_animation_no elementor-widget elementor-widget-image\" data-id=\"471bafde\" data-element_type=\"widget\" data-widget_type=\"image.default\">\n\t\t\t\t<div class=\"elementor-widget-container\">\n\t\t\t\t\t\t\t\t\t\t\t\t\t<img decoding=\"async\" src=\"https:\/\/anouchka-bijoux.com\/wp-content\/uploads\/2024\/07\/Design-sans-titre-15.png\" title=\"Design sans titre (15)\" alt=\"Design sans titre (15)\" loading=\"lazy\" \/>\t\t\t\t\t\t\t\t\t\t\t\t\t<\/div>\n\t\t\t\t<\/div>\n\t\t\t\t\t<\/div>\n\t\t<\/div>\n\t\t\t\t\t<\/div>\n\t\t<\/section>\n\t\t\t\t\t<\/div>\n\t\t<\/div>\n\t\t\t\t\t<\/div>\n\t\t<\/section>\n\t\t\t\t<\/div>\n\t\t","protected":false},"excerpt":{"rendered":"<p>Anouchka L&#8217;esprit bijoux Une entreprise familiale Depuis 2002, ANOUCHKA vous offre un accueil et des conseils de qualit\u00e9. Nous sommes toujours disponibles pour r\u00e9pondre \u00e0 vos besoins et vous guider dans vos achats. Faites confiance \u00e0 notre expertise et \u00e0 notre engagement pour une satisfaction optimale. Une \u00e9quipe \u00e0 votre service Nos vendeurs sont l\u00e0 [&hellip;]<\/p>\n","protected":false},"author":1,"featured_media":0,"parent":0,"menu_order":0,"comment_status":"closed","ping_status":"closed","template":"elementor_header_footer","meta":{"footnotes":""},"class_list":["post-488","page","type-page","status-publish","hentry"],"yoast_head":"<!-- This site is optimized with the Yoast SEO plugin v23.0 - https:\/\/yoast.com\/wordpress\/plugins\/seo\/ -->\n<title>\u00c0 propos - Anouchka<\/title>\n<meta name=\"robots\" content=\"index, follow, max-snippet:-1, max-image-preview:large, max-video-preview:-1\" \/>\n<link rel=\"canonical\" href=\"https:\/\/anouchka-bijoux.com\/index.php\/a-propos\/\" \/>\n<meta property=\"og:locale\" content=\"en_US\" \/>\n<meta property=\"og:type\" content=\"article\" \/>\n<meta property=\"og:title\" content=\"\u00c0 propos - Anouchka\" \/>\n<meta property=\"og:description\" content=\"Anouchka L&#8217;esprit bijoux Une entreprise familiale Depuis 2002, ANOUCHKA vous offre un accueil et des conseils de qualit\u00e9. Nous sommes toujours disponibles pour r\u00e9pondre \u00e0 vos besoins et vous guider dans vos achats. Faites confiance \u00e0 notre expertise et \u00e0 notre engagement pour une satisfaction optimale. Une \u00e9quipe \u00e0 votre service Nos vendeurs sont l\u00e0 [&hellip;]\" \/>\n<meta property=\"og:url\" content=\"https:\/\/anouchka-bijoux.com\/index.php\/a-propos\/\" \/>\n<meta property=\"og:site_name\" content=\"Anouchka\" \/>\n<meta property=\"article:publisher\" content=\"https:\/\/www.facebook.com\/anouchkabijoux\" \/>\n<meta property=\"article:modified_time\" content=\"2024-10-29T15:07:06+00:00\" \/>\n<meta property=\"og:image\" content=\"http:\/\/anouchka-bijoux.com\/wp-content\/uploads\/2024\/06\/Abstract-element_40.png\" \/>\n<meta name=\"twitter:card\" content=\"summary_large_image\" \/>\n<meta name=\"twitter:label1\" content=\"Est. reading time\" \/>\n\t<meta name=\"twitter:data1\" content=\"2 minutes\" \/>\n<script type=\"application\/ld+json\" class=\"yoast-schema-graph\">{\"@context\":\"https:\/\/schema.org\",\"@graph\":[{\"@type\":\"WebPage\",\"@id\":\"https:\/\/anouchka-bijoux.com\/index.php\/a-propos\/\",\"url\":\"https:\/\/anouchka-bijoux.com\/index.php\/a-propos\/\",\"name\":\"\u00c0 propos - Anouchka\",\"isPartOf\":{\"@id\":\"https:\/\/anouchka-bijoux.com\/#website\"},\"primaryImageOfPage\":{\"@id\":\"https:\/\/anouchka-bijoux.com\/index.php\/a-propos\/#primaryimage\"},\"image\":{\"@id\":\"https:\/\/anouchka-bijoux.com\/index.php\/a-propos\/#primaryimage\"},\"thumbnailUrl\":\"http:\/\/anouchka-bijoux.com\/wp-content\/uploads\/2024\/06\/Abstract-element_40.png\",\"datePublished\":\"2024-07-10T15:16:35+00:00\",\"dateModified\":\"2024-10-29T15:07:06+00:00\",\"breadcrumb\":{\"@id\":\"https:\/\/anouchka-bijoux.com\/index.php\/a-propos\/#breadcrumb\"},\"inLanguage\":\"en-US\",\"potentialAction\":[{\"@type\":\"ReadAction\",\"target\":[\"https:\/\/anouchka-bijoux.com\/index.php\/a-propos\/\"]}]},{\"@type\":\"ImageObject\",\"inLanguage\":\"en-US\",\"@id\":\"https:\/\/anouchka-bijoux.com\/index.php\/a-propos\/#primaryimage\",\"url\":\"https:\/\/anouchka-bijoux.com\/wp-content\/uploads\/2024\/06\/Abstract-element_40.png\",\"contentUrl\":\"https:\/\/anouchka-bijoux.com\/wp-content\/uploads\/2024\/06\/Abstract-element_40.png\",\"width\":600,\"height\":674},{\"@type\":\"BreadcrumbList\",\"@id\":\"https:\/\/anouchka-bijoux.com\/index.php\/a-propos\/#breadcrumb\",\"itemListElement\":[{\"@type\":\"ListItem\",\"position\":1,\"name\":\"Accueil\",\"item\":\"https:\/\/anouchka-bijoux.com\/\"},{\"@type\":\"ListItem\",\"position\":2,\"name\":\"\u00c0 propos\"}]},{\"@type\":\"WebSite\",\"@id\":\"https:\/\/anouchka-bijoux.com\/#website\",\"url\":\"https:\/\/anouchka-bijoux.com\/\",\"name\":\"Anouchka bijoux\",\"description\":\"L&#039;esprit bijoux\",\"publisher\":{\"@id\":\"https:\/\/anouchka-bijoux.com\/#organization\"},\"potentialAction\":[{\"@type\":\"SearchAction\",\"target\":{\"@type\":\"EntryPoint\",\"urlTemplate\":\"https:\/\/anouchka-bijoux.com\/?s={search_term_string}\"},\"query-input\":\"required name=search_term_string\"}],\"inLanguage\":\"en-US\"},{\"@type\":\"Organization\",\"@id\":\"https:\/\/anouchka-bijoux.com\/#organization\",\"name\":\"Anouchka\",\"url\":\"https:\/\/anouchka-bijoux.com\/\",\"logo\":{\"@type\":\"ImageObject\",\"inLanguage\":\"en-US\",\"@id\":\"https:\/\/anouchka-bijoux.com\/#\/schema\/logo\/image\/\",\"url\":\"http:\/\/anouchka-bijoux.com\/wp-content\/uploads\/2024\/07\/Sans-titre-120-x-50-px-400-x-180-px.png\",\"contentUrl\":\"http:\/\/anouchka-bijoux.com\/wp-content\/uploads\/2024\/07\/Sans-titre-120-x-50-px-400-x-180-px.png\",\"width\":950,\"height\":428,\"caption\":\"Anouchka\"},\"image\":{\"@id\":\"https:\/\/anouchka-bijoux.com\/#\/schema\/logo\/image\/\"},\"sameAs\":[\"https:\/\/www.facebook.com\/anouchkabijoux\",\"https:\/\/www.instagram.com\/anouchka.bijoux\/\"]}]}<\/script>\n<!-- \/ Yoast SEO plugin. -->","yoast_head_json":{"title":"\u00c0 propos - Anouchka","robots":{"index":"index","follow":"follow","max-snippet":"max-snippet:-1","max-image-preview":"max-image-preview:large","max-video-preview":"max-video-preview:-1"},"canonical":"https:\/\/anouchka-bijoux.com\/index.php\/a-propos\/","og_locale":"en_US","og_type":"article","og_title":"\u00c0 propos - Anouchka","og_description":"Anouchka L&#8217;esprit bijoux Une entreprise familiale Depuis 2002, ANOUCHKA vous offre un accueil et des conseils de qualit\u00e9. Nous sommes toujours disponibles pour r\u00e9pondre \u00e0 vos besoins et vous guider dans vos achats. Faites confiance \u00e0 notre expertise et \u00e0 notre engagement pour une satisfaction optimale. Une \u00e9quipe \u00e0 votre service Nos vendeurs sont l\u00e0 [&hellip;]","og_url":"https:\/\/anouchka-bijoux.com\/index.php\/a-propos\/","og_site_name":"Anouchka","article_publisher":"https:\/\/www.facebook.com\/anouchkabijoux","article_modified_time":"2024-10-29T15:07:06+00:00","og_image":[{"url":"http:\/\/anouchka-bijoux.com\/wp-content\/uploads\/2024\/06\/Abstract-element_40.png"}],"twitter_card":"summary_large_image","twitter_misc":{"Est. reading time":"2 minutes"},"schema":{"@context":"https:\/\/schema.org","@graph":[{"@type":"WebPage","@id":"https:\/\/anouchka-bijoux.com\/index.php\/a-propos\/","url":"https:\/\/anouchka-bijoux.com\/index.php\/a-propos\/","name":"\u00c0 propos - Anouchka","isPartOf":{"@id":"https:\/\/anouchka-bijoux.com\/#website"},"primaryImageOfPage":{"@id":"https:\/\/anouchka-bijoux.com\/index.php\/a-propos\/#primaryimage"},"image":{"@id":"https:\/\/anouchka-bijoux.com\/index.php\/a-propos\/#primaryimage"},"thumbnailUrl":"http:\/\/anouchka-bijoux.com\/wp-content\/uploads\/2024\/06\/Abstract-element_40.png","datePublished":"2024-07-10T15:16:35+00:00","dateModified":"2024-10-29T15:07:06+00:00","breadcrumb":{"@id":"https:\/\/anouchka-bijoux.com\/index.php\/a-propos\/#breadcrumb"},"inLanguage":"en-US","potentialAction":[{"@type":"ReadAction","target":["https:\/\/anouchka-bijoux.com\/index.php\/a-propos\/"]}]},{"@type":"ImageObject","inLanguage":"en-US","@id":"https:\/\/anouchka-bijoux.com\/index.php\/a-propos\/#primaryimage","url":"https:\/\/anouchka-bijoux.com\/wp-content\/uploads\/2024\/06\/Abstract-element_40.png","contentUrl":"https:\/\/anouchka-bijoux.com\/wp-content\/uploads\/2024\/06\/Abstract-element_40.png","width":600,"height":674},{"@type":"BreadcrumbList","@id":"https:\/\/anouchka-bijoux.com\/index.php\/a-propos\/#breadcrumb","itemListElement":[{"@type":"ListItem","position":1,"name":"Accueil","item":"https:\/\/anouchka-bijoux.com\/"},{"@type":"ListItem","position":2,"name":"\u00c0 propos"}]},{"@type":"WebSite","@id":"https:\/\/anouchka-bijoux.com\/#website","url":"https:\/\/anouchka-bijoux.com\/","name":"Anouchka bijoux","description":"L&#039;esprit bijoux","publisher":{"@id":"https:\/\/anouchka-bijoux.com\/#organization"},"potentialAction":[{"@type":"SearchAction","target":{"@type":"EntryPoint","urlTemplate":"https:\/\/anouchka-bijoux.com\/?s={search_term_string}"},"query-input":"required name=search_term_string"}],"inLanguage":"en-US"},{"@type":"Organization","@id":"https:\/\/anouchka-bijoux.com\/#organization","name":"Anouchka","url":"https:\/\/anouchka-bijoux.com\/","logo":{"@type":"ImageObject","inLanguage":"en-US","@id":"https:\/\/anouchka-bijoux.com\/#\/schema\/logo\/image\/","url":"http:\/\/anouchka-bijoux.com\/wp-content\/uploads\/2024\/07\/Sans-titre-120-x-50-px-400-x-180-px.png","contentUrl":"http:\/\/anouchka-bijoux.com\/wp-content\/uploads\/2024\/07\/Sans-titre-120-x-50-px-400-x-180-px.png","width":950,"height":428,"caption":"Anouchka"},"image":{"@id":"https:\/\/anouchka-bijoux.com\/#\/schema\/logo\/image\/"},"sameAs":["https:\/\/www.facebook.com\/anouchkabijoux","https:\/\/www.instagram.com\/anouchka.bijoux\/"]}]}},"_links":{"self":[{"href":"https:\/\/anouchka-bijoux.com\/index.php\/wp-json\/wp\/v2\/pages\/488","targetHints":{"allow":["GET"]}}],"collection":[{"href":"https:\/\/anouchka-bijoux.com\/index.php\/wp-json\/wp\/v2\/pages"}],"about":[{"href":"https:\/\/anouchka-bijoux.com\/index.php\/wp-json\/wp\/v2\/types\/page"}],"author":[{"embeddable":true,"href":"https:\/\/anouchka-bijoux.com\/index.php\/wp-json\/wp\/v2\/users\/1"}],"replies":[{"embeddable":true,"href":"https:\/\/anouchka-bijoux.com\/index.php\/wp-json\/wp\/v2\/comments?post=488"}],"version-history":[{"count":46,"href":"https:\/\/anouchka-bijoux.com\/index.php\/wp-json\/wp\/v2\/pages\/488\/revisions"}],"predecessor-version":[{"id":880,"href":"https:\/\/anouchka-bijoux.com\/index.php\/wp-json\/wp\/v2\/pages\/488\/revisions\/880"}],"wp:attachment":[{"href":"https:\/\/anouchka-bijoux.com\/index.php\/wp-json\/wp\/v2\/media?parent=488"}],"curies":[{"name":"wp","href":"https:\/\/api.w.org\/{rel}","templated":true}]}}